011110 (base 2) to base 9
-114
What is -5 (base 7) in base 5?
-10
What is -40 (base 5) in base 6?
-32
111 (base 2) to base 7
10
Convert 2 (base 16) to base 13.
2
What is 2 (base 11) in base 4?
2
What is -288 (base 9) in base 10?
-242
Convert -105 (base 16) to base 10.
-261
Convert -4 (base 12) to base 10.
-4
What is -98 (base 16) in base 3?
-12122
Convert -19 (base 14) to base 16.
-17
Convert -4 (base 10) to base 2.
-100
What is -33 (base 10) in base 3?
-1020
-1 (base 5) to base 9
-1
Convert 210 (base 3) to base 14.
17
Convert 0 (base 14) to base 15.
0
Convert -134 (base 11) to base 3.
-12212
-25 (base 13) to base 15
-21
1 (base 12) to base 8
1
11110 (base 2) to base 13
24
What is 14 (base 11) in base 4?
33
Convert 1 (base 12) to base 4.
1
What is 0 (base 2) in base 3?
0
Convert -2 (base 16) to base 11.
-2
Convert 11101101 (base 2) to base 12.
179
What is -2 (base 5) in base 6?
-2
-c (base 16) to base 10
-12
What is 6 (base 14) in base 9?
6
What is 2 (base 7) in base 11?
2
What is 9 (base 12) in base 4?
21
What is 0 (base 12) in base 11?
0
Convert 55 (base 7) to base 16.
28
-31 (base 7) to base 3
-211
Convert 6 (base 10) to base 5.
11
Convert -6 (base 10) to base 7.
-6
What is -120 (base 9) in base 12?
-83
Convert -33 (base 6) to base 9.
-23
What is -38 (base 13) in base 2?
-101111
What is -61 (base 9) in base 6?
-131
What is 31 (base 16) in base 14?
37
Convert 2321 (base 5) to base 14.
1a0
Convert -12 (base 9) to base 7.
-14
What is 15 (base 15) in base 14?
16
What is 12 (base 10) in base 5?
22
1 (base 3) to base 10
1
Convert -3 (base 12) to base 14.
-3
Convert 224 (base 14) to base 2.
110101000
What is 55 (base 16) in base 4?
1111
Convert 34 (base 6) to base 5.
42
Convert 40 (base 6) to base 9.
26
-4 (base 16) to base 4
-10
What is -10 (base 3) in base 14?
-3
Convert -4 (base 6) to base 2.
-100
What is -1011 (base 3) in base 14?
-23
401 (base 6) to base 12
101
9 (base 13) to base 12
9
What is -1 (base 14) in base 6?
-1
Convert -2 (base 10) to base 7.
-2
Convert 243 (base 5) to base 16.
49
Convert -71 (base 8) to base 2.
-111001
243 (base 6) to base 7
201
What is -2 (base 11) in base 5?
-2
What is 0 (base 10) in base 4?
0
-23 (base 4) to base 9
-12
What is 234 (base 5) in base 3?
2120
What is -1 (base 11) in base 12?
-1
a (base 12) to base 9
11
16 (base 7) to base 14
d
Convert -402 (base 5) to base 14.
-74
What is 8 (base 13) in base 3?
22
Convert 4 (base 14) to base 10.
4
What is -15 (base 7) in base 13?
-c
Convert 3 (base 13) to base 15.
3
1 (base 11) to base 6
1
What is 39 (base 15) in base 5?
204
91 (base 13) to base 9
141
What is 100 (base 3) in base 12?
9
Convert -1 (base 5) to base 16.
-1
What is -100 (base 6) in base 7?
-51
Convert 11 (base 6) to base 2.
111
Convert -147 (base 9) to base 15.
-84
What is 3 (base 12) in base 7?
3
Convert -35 (base 6) to base 10.
-23
What is 10 (base 3) in base 11?
3
-2 (base 14) to base 7
-2
What is 2 (base 13) in base 7?
2
-1033 (base 5) to base 12
-bb
Convert 12 (base 4) to base 10.
6
-2 (base 5) to base 2
-10
What is 49 (base 15) in base 14?
4d
Convert -16 (base 9) to base 11.
-14
Convert c2 (base 14) to base 9.
208
What is 231 (base 6) in base 14?
67
What is 33 (base 10) in base 2?
100001
What is -2d (base 14) in base 2?
-101001
122 (base 5) to base 12
31
What is 101 (base 10) in base 7?
203
What is -401 (base 6) in base 10?
-145
Convert 10 (base 8) to base 6.
12
Convert 257 (base 10) to base 6.
1105
Convert 111 (base 8) to base 15.
4d
What is -22 (base 11) in base 6?
-40
Convert 10 (base 16) to base 6.
24
Convert 1 (base 3) to base 10.
1
0 (base 8) to base 12
0
Convert -66 (base 11) to base 5.
-242
10 (base 10) to base 6
14
What is 0 (base 14) in base 3?
0
What is 22 (base 3) in base 10?
8
What is 2 (base 3) in base 8?
2
Convert -122 (base 4) to base 13.
-20
What is -1 (base 3) in base 15?
-1
-22 (base 10) to base 15
-17
Convert 3 (base 15) to base 3.
10
Convert -173 (base 12) to base 5.
-1411
What is 0 (base 8) in base 5?
0
-4 (base 9) to base 14
-4
Convert -501 (base 6) to base 11.
-155
2 (base 11) to base 5
2
130 (base 4) to base 10
28
5 (base 15) to base 4
11
What is 4 (base 8) in base 7?
4
Convert -7 (base 11) to base 13.
-7
-51 (base 11) to base 6
-132
-212 (base 5) to base 2
-111001
Convert 35 (base 6) to base 13.
1a
What is 10011 (base 2) in base 16?
13
1334 (base 5) to base 8
333
-2001 (base 4) to base 16
-81
Convert -2 (base 7) to base 12.
-2
2 (base 10) to base 16
2
-12 (base 7) to base 15
-9
Convert -124 (base 5) to base 14.
-2b
10001001 (base 2) to base 14
9b
What is -27 (base 14) in base 12?
-2b
What is -1 (base 11) in base 15?
-1
What is -43 (base 6) in base 8?
-33
What is 101 (base 4) in base 2?
10001
Convert 46 (base 14) to base 6.
142
10010 (base 2) to base 4
102
1 (base 5) to base 13
1
Convert -1033 (base 6) to base 5.
-1422
What is 8 (base 11) in base 4?
20
-1 (base 6) to base 2
-1
17 (base 10) to base 3
122
Convert 1002 (base 3) to base 6.
45
What is 3 (base 4) in base 5?
3
9 (base 12) to base 14
9
What is -54 (base 15) in base 8?
-117
What is 10000 (base 3) in base 16?
51
Convert 2 (base 3) to base 6.
2
What is 50 (base 15) in base 2?
1001011
Convert 3222 (base 4) to base 3.
22200
What is -85 (base 14) in base 13?
-90
Convert -11 (base 3) to base 9.
-4
12 (base 4) to base 2
110
-51 (base 9) to base 8
-56
What is 1 (base 13) in base 2?
1
What is 1 (base 16) in base 10?
1
What is -1000010 (base 2) in base 5?
-231
Convert -4a (base 13) to base 5.
-222
Convert -112 (base 13) to base 7.
-352
What is -110 (base 2) in base 11?
-6
What is 44 (base 11) in base 2?
110000
242 (base 7) to base 14
92
Convert -153 (base 6) to base 7.
-126
Convert 151 (base 12) to base 5.
1310
-110 (base 2) to base 7
-6
-3 (base 4) to base 2
-11
1010101 (base 2) to base 14
61
Convert -5 (base 16) to base 8.
-5
What is -4 (base 15) in base 4?
-10
What is -12 (base 4) in base 11?
-6
What is -4 (base 14) in base 4?
-10
Convert 0 (base 12) to base 11.
0
Convert -b (base 13) to base 7.
-14
What is 127 (base 12) in base 6?
451
33 (base 14) to base 12
39
What is 4 (base 13) in base 3?
11
Convert 111 (base 2) to base 8.
7
Convert 103 (base 4) to base 11.
18
-1 (base 8) to base 15
-1
Convert -182 (base 10) to base 6.
-502
What is b (base 14) in base 4?
23
Convert 5 (base 8) to base 15.
5
50 (base 13) to base 6
145
25 (base 6) to base 14
13
What is -1 (base 5) in base 12?
-1
-1 (base 4) to base 12
-1
Convert 3 (base 14) to base 3.
10
Convert -104 (base 7) to base 11.
-49
Convert -14 (base 11) to base 14.
-11
What is 113 (base 7) in base 12?
4b
What is -5 (base 13) in base 10?
-5
What is 8 (base 10) in base 9?
8
Convert 5 (base 11) to base 16.
5
Convert -93 (base 12) to base 16.
-6f
Convert b (base 14) to base 8.
13
Convert 10222 (base 3) to base 13.
83
Convert -5b (base 15) to base 7.
-152
1 (base 2) to base 10
1
Convert 6a (base 13) to base 2.
1011000
What is -101001 (base 2) in base 16?
-29
Convert -3 (base 6) to base 14.
-3
What is 42 (base 15) in base 2?
111110
Convert -1 (base 12) to base 4.
-1
Convert 6 (base 15) to base 6.
10
Convert -1 (base 7) to base 11.
-1
Convert -2b (base 16) to base 14.
-31
What is -b (base 12) in base 8?
-13
What is 220 (base 3) in base 16?
18
-8 (base 15) to base 6
-12
What is 2 (base 13) in base 9?
2
Convert -2001 (base 3) to base 2.
-110111
What is 10 (base 11) in base 15?
b
What is -7 (base 13) in base 2?
-111
Convert -1 (base 14) to base 15.
-1
-174 (base 9) to base 8
-224
What is -345 (base 6) in base 14?
-9b
What is -3 (base 16) in base 4?
-3
Convert -9 (base 10) to base 6.
-13
What is -11 (base 3) in base 4?
-10
What is -4b (base 14) in base 13?
-52
200 (base 6) to base 4
1020
What is 4 (base 15) in base 9?
4
Convert 121 (base 3) to base 14.
12
What is 3 (base 8) in base 16?
3
131 (base 16) to base 5
2210
Convert 0 (base 16) to base 9.
0
Convert 1122 (base 3) to base 4.
230
Convert 9 (base 11) to base 3.
100
What is 3 (base 13) in base 9?
3
What is -74 (base 8) in base 2?
-111100
25 (base 11) to base 12
23
What is 0 (base 16) in base 11?
0
What is 0 (base 2) in base 12?
0
7 (base 11) to base 16
7
Convert 13 (base 10) to base 7.
16
What is 145 (base 7) in base 9?
101
What is 1d (base 16) in base 5?
104
Convert 8 (base 14) to base 2.
1000
13 (base 6) to base 8
11
Convert -1 (